at is the remainder when 3406 is divided by 571?
551
What is the remainder when 4210 is divided by 171?
106
Calculate the remainder when 3954 is divided by 127.
17
Calculate the remainder when 6063 is divided by 17.
11
What is the remainder when 2922 is divided by 875?
297
Calculate the remainder when 3162 is divided by 278.
104
What is the remainder when 21628 is divided by 3088?
12
Calculate the remainder when 345094 is divided by 21.
1
Calculate the remainder when 76706 is divided by 577.
542
Calculate the remainder when 30053 is divided by 21.
2
Calculate the remainder when 3856 is divided by 241.
0
What is the remainder when 89566 is divided by 98?
92
What is the remainder when 82256 is divided by 776?
0
Calculate the remainder when 89 is divided by 38.
13
What is the remainder when 1479 is divided by 701?
77
What is the remainder when 3180 is divided by 1585?
10
What is the remainder when 2552978 is divided by 11?
10
What is the remainder when 2006 is divided by 292?
254
Calculate the remainder when 42425 is divided by 10577.
117
Calculate the remainder when 186784 is divided by 54.
52
Calculate the remainder when 83096 is divided by 63.
62
What is the remainder when 18682 is divided by 27?
25
Calculate the remainder when 21013 is divided by 100.
13
Calculate the remainder when 87977 is divided by 265.
262
Calculate the remainder when 2395 is divided by 965.
465
Calculate the remainder when 7451 is divided by 623.
598
What is the remainder when 76863 is divided by 46?
43
What is the remainder when 299532 is divided by 258?
252
What is the remainder when 49487 is divided by 117?
113
Calculate the remainder when 50992 is divided by 761.
5
What is the remainder when 73462 is divided by 249?
7
What is the remainder when 19387 is divided by 9693?
1
What is the remainder when 2396 is divided by 221?
186
Calculate the remainder when 24211 is divided by 1100.
11
What is the remainder when 39868 is divided by 324?
16
Calculate the remainder when 358185 is divided by 70.
65
Calculate the remainder when 550319 is divided by 12798.
5
What is the remainder when 69593 is divided by 2400?
2393
Calculate the remainder when 32637 is divided by 16316.
5
Calculate the remainder when 19356 is divided by 11.
7
Calculate the remainder when 92537 is divided by 13.
3
What is the remainder when 4508 is divided by 950?
708
What is the remainder when 3773 is divided by 558?
425
What is the remainder when 70901 is divided by 495?
116
What is the remainder when 46970 is divided by 423?
17
What is the remainder when 228 is divided by 192?
36
What is the remainder when 566964 is divided by 10903?
8
What is the remainder when 5399 is divided by 987?
464
What is the remainder when 2852 is divided by 2779?
73
What is the remainder when 572 is divided by 124?
76
Calculate the remainder when 893 is divided by 458.
435
Calculate the remainder when 9090 is divided by 1144.
1082
What is the remainder when 1113026 is divided by 967?
9
Calculate the remainder when 74024 is divided by 37008.
8
Calculate the remainder when 44754 is divided by 411.
366
What is the remainder when 1339 is divided by 580?
179
Calculate the remainder when 2289 is divided by 393.
324
What is the remainder when 15749 is divided by 25?
24
What is the remainder when 13875 is divided by 49?
8
What is the remainder when 421 is divided by 77?
36
Calculate the remainder when 4717 is divided by 1560.
37
Calculate the remainder when 14870 is divided by 40.
30
What is the remainder when 103971 is divided by 4?
3
What is the remainder when 32489 is divided by 301?
282
What is the remainder when 5035 is divided by 69?
67
What is the remainder when 25610 is divided by 12783?
44
Calculate the remainder when 371 is divided by 32.
19
What is the remainder when 27783 is divided by 3087?
0
What is the remainder when 1797 is divided by 139?
129
Calculate the remainder when 3275 is divided by 47.
32
What is the remainder when 3213 is divided by 51?
0
Calculate the remainder when 763138 is divided by 2765.
2763
What is the remainder when 7113 is divided by 2349?
66
Calculate the remainder when 21543 is divided by 2691.
15
Calculate the remainder when 263585 is divided by 481.
478
What is the remainder when 27588 is divided by 73?
67
What is the remainder when 3032 is divided by 189?
8
What is the remainder when 2054 is divided by 1158?
896
Calculate the remainder when 78023 is divided by 849.
764
Calculate the remainder when 1255 is divided by 618.
19
Calculate the remainder when 70721 is divided by 272.
1
What is the remainder when 1549 is divided by 66?
31
Calculate the remainder when 139003 is divided by 124.
123
Calculate the remainder when 58836 is divided by 949.
947
Calculate the remainder when 39798 is divided by 4938.
294
Calculate the remainder when 11781 is divided by 140.
21
What is the remainder when 74450 is divided by 83?
82
What is the remainder when 1508 is divided by 1490?
18
What is the remainder when 232 is divided by 221?
11
Calculate the remainder when 166265 is divided by 34.
5
What is the remainder when 12081 is divided by 13?
4
Calculate the remainder when 117911 is divided by 5126.
13
Calculate the remainder when 15219 is divided by 129.
126
What is the remainder when 3540 is divided by 702?
30
What is the remainder when 47101 is divided by 3347?
243
What is the remainder when 22590 is divided by 606?
168
What is the remainder when 5261 is divided by 1745?
26
What is the remainder when 797 is divided by 718?
79
Calculate the remainder when 2827 is divided by 2827.
0
What is the remainder when 10049 is divided by 239?
11
What is the remainder when 1138 is divided by 397?
344
Calculate the remainder when 1055 is divided by 81.
2
Calculate the remainder when 413674 is divided by 6.
4
Calculate the remainder when 31026 is divided by 2644.
1942
What is the remainder when 48270 is divided by 804?
30
What is the remainder when 20509 is divided by 305?
74
Calculate the remainder when 3872 is divided by 57.
53
Calculate the remainder when 18695 is divided by 149.
70
Calculate the remainder when 336272 is divided by 1367.
1357
What is the remainder when 274678 is divided by 218?
216
Calculate the remainder when 30880 is divided by 7705.
60
Calculate the remainder when 5620 is divided by 610.
130
Calculate the remainder when 3064 is divided by 113.
13
Calculate the remainder when 537 is divided by 44.
9
Calculate the remainder when 987 is divided by 347.
293
Calculate the remainder when 134821 is divided by 55.
16
What is the remainder when 3771 is divided by 3764?
7
What is the remainder when 42898 is divided by 10?
8
What is the remainder when 1900 is divided by 472?
12
What is the remainder when 3340 is divided by 180?
100
Calculate the remainder when 98 is divided by 72.
26
What is the remainder when 15258 is divided by 632?
90
What is the remainder when 527613 is divided by 20?
13
Calculate the remainder when 212795 is divided by 87.
80
Calculate the remainder when 175776 is divided by 358.
356
What is the remainder when 58534 is divided by 216?
214
What is the remainder when 13012 is divided by 1115?
747
What is the remainder when 660789 is divided by 162?
153
Calculate the remainder when 71895 is divided by 46.
43
Calculate the remainder when 426290 is divided by 63.
32
What is the remainder when 70408 is divided by 110?
8
What is the remainder when 4381 is divided by 174?
31
What is the remainder when 13984 is divided by 92?
0
Calculate the remainder when 48151 is divided by 5349.
10
What is the remainder when 34518 is divided by 32?
22
Calculate the remainder when 597 is divided by 70.
37
Calculate the remainder when 3364172 is divided by 841040.
12
Calculate the remainder when 169110 is divided by 253.
106
What is the remainder when 46268 is divided by 237?
53
Calculate the remainder when 62159 is divided by 31005.
149
Calculate the remainder when 7017 is divided by 1402.
7
What is the remainder when 27395 is divided by 3854?
417
Calculate the remainder when 132190 is divided by 144.
142
What is the remainder when 5882 is divided by 650?
32
What is the remainder when 28618 is divided by 340?
58
Calculate the remainder when 624 is divided by 114.
54
Calculate the remainder when 3393 is divided 